eds digit of 184?
1
What is the thousands digit of 3395?
3
What is the ten thousands digit of 142142?
4
What is the tens digit of 1361?
6
What is the hundreds digit of 51419?
4
What is the tens digit of 34838?
3
What is the hundreds digit of 633?
6
What is the tens digit of 30127?
2
What is the units digit of 685?
5
What is the tens digit of 29670?
7
What is the units digit of 25940?
0
What is the tens digit of 530?
3
What is the units digit of 19759?
9
What is the hundreds digit of 20628?
6
What is the hundreds digit of 146765?
7
What is the hundreds digit of 4970?
9
What is the units digit of 3899?
9
What is the tens digit of 606?
0
What is the hundreds digit of 7464?
4
What is the tens digit of 984?
8
What is the hundreds digit of 299?
2
What is the thousands digit of 2729?
2
What is the units digit of 7944?
4
What is the tens digit of 538?
3
What is the tens digit of 52882?
8
What is the units digit of 1458?
8
What is the units digit of 60005?
5
What is the units digit of 2162?
2
What is the hundreds digit of 419?
4
What is the tens digit of 1060?
6
What is the thousands digit of 61178?
1
What is the units digit of 1863?
3
What is the units digit of 163653?
3
What is the tens digit of 1158?
5
What is the thousands digit of 63838?
3
What is the tens digit of 31295?
9
What is the hundreds digit of 4755?
7
What is the thousands digit of 47264?
7
What is the hundreds digit of 3016?
0
What is the thousands digit of 14358?
4
What is the thousands digit of 13604?
3
What is the tens digit of 1823?
2
What is the hundreds digit of 42080?
0
What is the hundreds digit of 1809?
8
What is the hundreds digit of 161?
1
What is the hundreds digit of 450?
4
What is the units digit of 4813?
3
What is the thousands digit of 65786?
5
What is the tens digit of 823?
2
What is the tens digit of 361?
6
What is the hundreds digit of 1102?
1
What is the tens digit of 930?
3
What is the hundreds digit of 694?
6
What is the thousands digit of 18437?
8
What is the units digit of 1691?
1
What is the units digit of 3676?
6
What is the thousands digit of 52316?
2
What is the thousands digit of 53568?
3
What is the units digit of 46?
6
What is the thousands digit of 45081?
5
What is the tens digit of 6856?
5
What is the units digit of 3244?
4
What is the units digit of 3359?
9
What is the units digit of 1551?
1
What is the tens digit of 52324?
2
What is the units digit of 1844?
4
What is the hundreds digit of 50034?
0
What is the units digit of 1324?
4
What is the tens digit of 1892?
9
What is the tens digit of 94311?
1
What is the tens digit of 44796?
9
What is the units digit of 1331?
1
What is the units digit of 70465?
5
What is the units digit of 18819?
9
What is the hundreds digit of 12937?
9
What is the tens digit of 2448?
4
What is the thousands digit of 1380?
1
What is the units digit of 37571?
1
What is the ten thousands digit of 43509?
4
What is the tens digit of 764?
6
What is the ten thousands digit of 97692?
9
What is the ten thousands digit of 17363?
1
What is the hundreds digit of 1256?
2
What is the hundred thousands digit of 100454?
1
What is the units digit of 13008?
8
What is the tens digit of 4546?
4
What is the tens digit of 1104?
0
What is the ten thousands digit of 51856?
5
What is the units digit of 2834?
4
What is the hundreds digit of 11288?
2
What is the units digit of 354?
4
What is the hundreds digit of 31117?
1
What is the tens digit of 31138?
3
What is the hundreds digit of 16059?
0
What is the hundreds digit of 948?
9
What is the hundreds digit of 30916?
9
What is the units digit of 1471?
1
What is the units digit of 175934?
4
What is the units digit of 768?
8
What is the tens digit of 177?
7
What is the hundreds digit of 3493?
4
What is the hundreds digit of 137264?
2
What is the tens digit of 14061?
6
What is the thousands digit of 1627?
1
What is the hundreds digit of 1255?
2
What is the units digit of 2803?
3
What is the tens digit of 755?
5
What is the hundreds digit of 9551?
5
What is the tens digit of 8773?
7
What is the hundreds digit of 11887?
8
What is the hundreds digit of 114000?
0
What is the ten thousands digit of 27801?
2
What is the ten thousands digit of 16677?
1
What is the units digit of 91493?
3
What is the ten thousands digit of 155054?
5
What is the tens digit of 46603?
0
What is the tens digit of 10788?
8
What is the units digit of 586?
6
What is the hundreds digit of 387?
3
What is the hundreds digit of 623?
6
What is the hundreds digit of 74131?
1
What is the thousands digit of 113389?
3
What is the tens digit of 3418?
1
What is the ten thousands digit of 21138?
2
What is the hundreds digit of 15513?
5
What is the thousands digit of 1867?
1
What is the thousands digit of 38261?
8
What is the tens digit of 36277?
7
What is the units digit of 12743?
3
What is the units digit of 262?
2
What is the units digit of 2720?
0
What is the tens digit of 1896?
9
What is the units digit of 145185?
5
What is the tens digit of 953?
5
What is the units digit of 657?
7
What is the units digit of 4010?
0
What is the units digit of 93909?
9
What is the units digit of 42845?
5
What is the thousands digit of 6259?
6
What is the thousands digit of 22974?
2
What is the hundreds digit of 34997?
9
What is the thousands digit of 9205?
9
What is the tens digit of 2401?
0
What is the units digit of 29004?
4
What is the ten thousands digit of 19309?
1
What is the units digit of 12479?
9
What is the hundreds digit of 242?
2
What is the hundreds digit of 12444?
4
What is the hundreds digit of 37786?
7
What is the thousands digit of 19091?
9
What is the units digit of 1857?
7
What is the tens digit of 726?
2
What is the tens digit of 6969?
6
What is the tens digit of 14946?
4
What is the tens digit of 878?
7
What is the thousands digit of 3147?
3
What is the units digit of 623?
3
What is the tens digit of 584?
8
What is the tens digit of 4429?
2
What is the tens digit of 968?
6
What is the thousands digit of 1017?
1
What is the thousands digit of 7872?
7
What is the ten thousands digit of 19925?
1
What is the thousands digit of 3786?
3
What is the units digit of 915?
5
What is the units digit of 43146?
6
What is the tens digit of 48985?
8
What is the units digit of 1264?
4
What is the thousands digit of 8686?
8
What is the hundreds digit of 2294?
2
What is the tens digit of 554?
5
What is the tens digit of 60740?
4
What is the tens digit of 879?
7
What is the units digit of 2432?
2
What is the units digit of 189?
9
What is the ten thousands digit of 44514?
4
What is the hundreds digit of 519?
5
What is the units digit of 829?
9
What is the tens digit of 130768?
6
What is the units digit of 7937?
7
What is the hundreds digit of 9855?
8
What is the ten thousands digit of 29940?
2
What is the units digit of 1597?
7
What is the hundreds digit of 10012?
0
What is the tens digit of 60448?
4
What is the units digit of 42510?
0
What is the units digit of 4020?
0
What is the ten thousands digit of 15335?
1
What is the tens digit of 2031?
3
What is the tens digit of 12301?
0
What is the hundreds digit of 12480?
4
What is the units digit of 3332?
2
What is the thousands digit of 10292?
0
What is the ten thousands digit of 62449?
6
What is the hundreds digit of 805?
8
What is the tens digit of 1005?
0
What is the units digit of 22570?
0
What is the units digit of 105?
5
What is the units digit of 13656?
6
What is the units digit of 117?
7
What is the units digit of 768?
8
What is the units digit of 190?
0
What is the tens digit of 34624?
2
What is the hundreds digit of 413?
4
What is the thousands digit of 3437?
3
What is the thousands digit of 11841?
1
What is the tens digit of 927?
2
What is the ten thousands digit of 81308?
8
What is the hundreds digit of 14187?
1
What is the units digit of 8202?
2
What is the hundreds digit of 1544?
5
What is the tens digit of 1021?
2
What is the ten thousands digit of 19740?
1
What is the thousands digit of 5721?
5
What is the units digit of 992?
2
What is the hundreds digit of 1047?
0
What is the units digit of 38229?
9
What is the tens digit of 89144?
4
What is the units digit of 37207?
7
What is the hundreds digit of 3354?
3
What is the units digit of 124495?
5
What is the hundreds digit of 2434?
4
What is the hun